{"id":347,"date":"2023-07-16T14:31:02","date_gmt":"2023-07-16T14:31:02","guid":{"rendered":"https:\/\/fotodesign-schneider.info\/?page_id=347"},"modified":"2024-11-28T01:35:03","modified_gmt":"2024-11-28T00:35:03","slug":"kalkoefen-am-wriezener-hafen","status":"publish","type":"page","link":"https:\/\/schneider-fotodesign.de\/?page_id=347","title":{"rendered":"Kalk\u00f6fen am Wriezener Hafen"},"content":{"rendered":"<div class=\"wpb-content-wrapper\"><p>[vc_row][vc_column][vc_column_text css_animation=&#8220;bounceIn&#8220;]Die Kalk\u00f6fen sind ein in der Liste des Denkmalschutzes eingetragenes Industriedenkmal und spielten bei der industriellen Entwicklung des Oderbruch seit Anfang des 19. Jahrhunderts eine wichtige Rolle.<br \/>\nMit Beginn der Kalksteinproduktion im Jahre 1836 begann sich die Infrastruktur des Oderbruchs zu entwickeln.<\/p>\n<p>Die Wriezener Kalk\u00f6fen haben ihren Ursprung im Jahre 1860. Aus der Zeit stammt auch der kleine Kalkofen, der Setzofen. Der Hochofen und die Fabrikantenvilla wurden im Jahre 1889 erbaut.<\/p>\n<p>Um den totalen Verfall des Industriedenkmals zu verhindern, wurde 2006 die <a href=\"https:\/\/www.hafen-wriezen.de\">IG Hafen Wriezen e.V.<\/a> ger\u00fcndet. Spektakul\u00e4r war die Instandsetzung des Hochofens im Jahr 2007, ohne auch nur einen Cent F\u00f6rdermittel, durch den Verein und seine tollen Sponsoren.[\/vc_column_text][\/vc_column][\/vc_row]<\/p>\n<\/div>","protected":false},"excerpt":{"rendered":"<p>[vc_row][vc_column][vc_column_text css_animation=&#8220;bounceIn&#8220;]Die Kalk\u00f6fen sind ein in der Liste des Denkmalschutzes eingetragenes Industriedenkmal und spielten bei der industriellen Entwicklung des Oderbruch seit Anfang des 19. Jahrhunderts eine wichtige Rolle. Mit Beginn der Kalksteinproduktion im Jahre 1836 begann sich die Infrastruktur des Oderbruchs zu entwickeln. Die Wriezener Kalk\u00f6fen haben ihren Ursprung im Jahre 1860. Aus der Zeit stammt auch der kleine Kalkofen, der Setzofen. Der Hochofen und die Fabrikantenvilla wurden im Jahre 1889 erbaut. Um den totalen Verfall des Industriedenkmals zu verhindern, wurde 2006 die IG Hafen Wriezen e.V. ger\u00fcndet. Spektakul\u00e4r war die Instandsetzung des Hochofens im Jahr 2007, ohne auch nur einen Cent F\u00f6rdermittel, durch den Verein und seine tollen Sponsoren.[\/vc_column_text][\/vc_column][\/vc_row]<\/p>\n","protected":false},"author":1,"featured_media":0,"parent":0,"menu_order":0,"comment_status":"closed","ping_status":"closed","template":"","meta":{"_monsterinsights_skip_tracking":false,"_monsterinsights_sitenote_active":false,"_monsterinsights_sitenote_note":"","_monsterinsights_sitenote_category":0,"footnotes":""},"class_list":["post-347","page","type-page","status-publish","hentry"],"aioseo_notices":[],"acf":[],"_links":{"self":[{"href":"https:\/\/schneider-fotodesign.de\/index.php?rest_route=\/wp\/v2\/pages\/347","targetHints":{"allow":["GET"]}}],"collection":[{"href":"https:\/\/schneider-fotodesign.de\/index.php?rest_route=\/wp\/v2\/pages"}],"about":[{"href":"https:\/\/schneider-fotodesign.de\/index.php?rest_route=\/wp\/v2\/types\/page"}],"author":[{"embeddable":true,"href":"https:\/\/schneider-fotodesign.de\/index.php?rest_route=\/wp\/v2\/users\/1"}],"replies":[{"embeddable":true,"href":"https:\/\/schneider-fotodesign.de\/index.php?rest_route=%2Fwp%2Fv2%2Fcomments&post=347"}],"version-history":[{"count":3,"href":"https:\/\/schneider-fotodesign.de\/index.php?rest_route=\/wp\/v2\/pages\/347\/revisions"}],"predecessor-version":[{"id":2470,"href":"https:\/\/schneider-fotodesign.de\/index.php?rest_route=\/wp\/v2\/pages\/347\/revisions\/2470"}],"wp:attachment":[{"href":"https:\/\/schneider-fotodesign.de\/index.php?rest_route=%2Fwp%2Fv2%2Fmedia&parent=347"}],"curies":[{"name":"wp","href":"https:\/\/api.w.org\/{rel}","templated":true}]}}