{"id":1642,"date":"2023-12-18T00:28:31","date_gmt":"2023-12-18T00:28:31","guid":{"rendered":"https:\/\/fotos-schneider.de\/?page_id=1642"},"modified":"2024-11-28T02:35:33","modified_gmt":"2024-11-28T01:35:33","slug":"kur-in-bad-elster","status":"publish","type":"page","link":"https:\/\/schneider-fotodesign.de\/?page_id=1642","title":{"rendered":"Kur in Bad Elster"},"content":{"rendered":"<div class=\"wpb-content-wrapper\"><p>[vc_row][vc_column][vc_column_text css_animation=&#8220;bounceInDown&#8220;]Ankunft 03.11.22 um 10.30 Uhr, mein Freund Ralf der mich dankenswerter Weise her gebracht hat, ist spitzenm\u00e4\u00dfig gefahren. Mit Pause von Angerm\u00fcnde 4,5 Std. nach Bad Elster. Erster Eindruck von der Rezeption, sehr h\u00f6flich und flott. Dann Zimmerschl\u00fcssel \u00dcbergabe und ab auf das\u00a0 Einzelzimmer, mit ebenerdiger Dusche und allem was man erwartet. Dann Antrittsbesuch bei den Schwestern, so was von h\u00f6flich und zuvorkommend habe ich ja bisher selten erlebt. Man hatte das Gef\u00fchl, man ist schon 2 Wochen hier! Freitag dann Arztbesuch, Eingangsuntersuchung. War so la la und die Therapien wurden festgelegt, Moorpackungen, klassische Massagen und Kraftraum sowie Schwimmen. Na ja wird ja hier weiter erg\u00e4nzt! Jetzt erstmal Wochenende. Ach so das Schlechte zum Schluss, kein WLAN und der TV kostet 2 Euro pro Tag! Ich habe vorher eine 18 GB Monatsflat gebucht und nutze jetzt den Hotspot vom Xiaomi Mi 10. Also nach 1 Woche, kurzes zwischen Fazit: Ich kann die schlechten Kritiken die teilweise im Internet ver\u00f6ffentlicht werden, nicht nachvollziehen. Alles was hier geboten wird, ist teils ohne Beanstandungen, los geht es mit den Anwendungen, die leider nicht immer auf mein Gesundheitszustand abgestimmt sind. Auch von den Therapeuten kann ich nur Gutes berichten. K0mpetent und mit Humor wird hier das Programm gestaltet. Auch das viel kritisierte Essen ist ohne Beanstandungen, alles sehr vielf\u00e4ltig und frisch, sowie das Mittagessen einfach gut. Danke an das K\u00fcchenpersonal, die die Tische so schnell abr\u00e4umen und dabei immer ein Strahlen im Gesicht haben. Auch die Einweisungen im Fitness Bereich war gut und f\u00fcr jeden verst\u00e4ndlich. Donnerstag Abend dann erster aktiver Besuch im Sportger\u00e4te Raum. Anfang war am Ergometer bei 40 Watt, habe ich 2 Kilometer geschafft. Auch die anderen Ger\u00e4te wurden beackert. Eine Stunde, dann war ich breit. Ein paar Bilder sind unten zu sehen. Bin mal gespannt ob das hohe Niveau bis zum Ende anh\u00e4lt. Das war also der Wochen Bericht, n\u00e4chste Woche mehr.<\/p>\n<p>So, nach 2 Tagen Abstand, jetzt das Fazit der 3-w\u00f6chigen Reha. Kommen wir mal zum Thema Arzt, hier sollte die Klinik schleunigst mal das Niveau anheben, denn das war nicht berauschend! Weiter m\u00f6chte ich auf das Thema nicht eingehen, kann sich der Patient dann selber seine Meinung bilden. Ganz schwach war auch, dass die Cafeteria keinen einzigen Tag der 3 Wochen ge\u00f6ffnet hatte. Also Kaffee oder ein St\u00fcck Kuchen, Fehlanzeige. Auch keine M\u00f6glichkeit in der Klinik etwas an Kleinigkeiten des t\u00e4glichen Bedarfes zu kaufen! Also auch hier gro\u00dfer Nachholbedarf! Gro\u00dfe Pluspunkte, der Sportger\u00e4te Raum, die Schwimmhalle, und wie schon oben erw\u00e4hnt die Therapeuten. Absolute Spitze ist das K\u00fcchenpersonal und die Schwestern, hierf\u00fcr meinen ausdr\u00fccklichen Dank.<\/p>\n<p>Trotz aller Kritikpunkte, glaube ich, w\u00fcrde ich nochmal zur Dekimed Klink kommen, da die positiven Aspekte \u00fcberwiegen und das Negative in den Hintergrund stellen. Ich hoffe hier m\u00f6glichst unvoreingenommen, so gut wie m\u00f6glich, dem Leser einen Eindruck der Klinik zu vermitteln.[\/vc_column_text][\/vc_column][\/vc_row][vc_row][vc_column][vc_single_image image=&#8220;2494&#8243; img_size=&#8220;full&#8220; alignment=&#8220;center&#8220; css_animation=&#8220;zoomInDown&#8220; css=&#8220;&#8220; title=&#8220;Soletherme Bad Elster&#8220;][\/vc_column][\/vc_row]<\/p>\n<\/div>","protected":false},"excerpt":{"rendered":"<p>[vc_row][vc_column][vc_column_text css_animation=&#8220;bounceInDown&#8220;]Ankunft 03.11.22 um 10.30 Uhr, mein Freund Ralf der mich dankenswerter Weise her gebracht hat, ist spitzenm\u00e4\u00dfig gefahren. Mit Pause von Angerm\u00fcnde 4,5 Std. nach Bad Elster. Erster Eindruck von der Rezeption, sehr h\u00f6flich und flott. Dann Zimmerschl\u00fcssel \u00dcbergabe und ab auf das\u00a0 Einzelzimmer, mit ebenerdiger Dusche und allem was man erwartet. Dann Antrittsbesuch bei den Schwestern, so was von h\u00f6flich und zuvorkommend habe ich ja bisher selten erlebt. Man hatte das Gef\u00fchl, man ist schon 2 Wochen hier! Freitag dann Arztbesuch, Eingangsuntersuchung. War so la la und die Therapien wurden festgelegt, Moorpackungen, klassische Massagen und Kraftraum sowie Schwimmen. Na ja wird ja hier weiter erg\u00e4nzt! Jetzt erstmal Wochenende. Ach so das Schlechte zum Schluss, kein WLAN und der TV kostet 2 Euro pro Tag! Ich habe vorher eine 18 GB Monatsflat gebucht und nutze jetzt den Hotspot vom Xiaomi Mi 10. Also nach 1 Woche, kurzes zwischen Fazit: Ich kann die schlechten Kritiken die teilweise im Internet ver\u00f6ffentlicht werden, nicht nachvollziehen. Alles was hier geboten wird, ist teils ohne Beanstandungen, los geht es mit den Anwendungen, die leider nicht immer auf mein Gesundheitszustand abgestimmt sind. Auch von den Therapeuten kann ich nur Gutes berichten. K0mpetent und mit Humor wird hier das Programm gestaltet. Auch das viel kritisierte Essen ist ohne Beanstandungen, alles sehr vielf\u00e4ltig und frisch, sowie das Mittagessen einfach gut. Danke an das K\u00fcchenpersonal, die die Tische so schnell abr\u00e4umen und dabei immer ein Strahlen im Gesicht haben. Auch die Einweisungen im Fitness Bereich war gut und f\u00fcr jeden verst\u00e4ndlich. Donnerstag Abend dann erster aktiver Besuch im Sportger\u00e4te Raum. Anfang war am Ergometer bei 40 Watt, habe ich 2 Kilometer geschafft. Auch die anderen Ger\u00e4te wurden beackert. Eine Stunde, dann war ich breit. Ein paar Bilder sind unten zu sehen. Bin mal gespannt ob das hohe Niveau bis zum Ende anh\u00e4lt. Das war also der Wochen Bericht, n\u00e4chste Woche mehr. So, nach 2 Tagen Abstand, jetzt das Fazit der 3-w\u00f6chigen Reha. Kommen wir mal zum Thema Arzt, hier sollte die Klinik schleunigst mal das Niveau anheben, denn das war nicht berauschend! Weiter m\u00f6chte ich auf das Thema nicht eingehen, kann sich der Patient dann selber seine Meinung bilden. Ganz schwach war auch, dass die Cafeteria keinen einzigen Tag der 3 Wochen ge\u00f6ffnet hatte. Also Kaffee oder ein St\u00fcck Kuchen, Fehlanzeige. Auch keine M\u00f6glichkeit in der Klinik etwas an Kleinigkeiten des t\u00e4glichen Bedarfes zu kaufen! Also auch hier gro\u00dfer Nachholbedarf! Gro\u00dfe Pluspunkte, der Sportger\u00e4te Raum, die Schwimmhalle, und wie schon oben erw\u00e4hnt die Therapeuten. Absolute Spitze ist das K\u00fcchenpersonal und die Schwestern, hierf\u00fcr meinen ausdr\u00fccklichen Dank. Trotz aller Kritikpunkte, glaube ich, w\u00fcrde ich nochmal zur Dekimed Klink kommen, da die positiven Aspekte \u00fcberwiegen und das Negative in den Hintergrund stellen. Ich hoffe hier m\u00f6glichst unvoreingenommen, so gut wie m\u00f6glich, dem Leser einen Eindruck der Klinik zu vermitteln.[\/vc_column_text][\/vc_column][\/vc_row][vc_row][vc_column][vc_single_image image=&#8220;2494&#8243; img_size=&#8220;full&#8220; alignment=&#8220;center&#8220; css_animation=&#8220;zoomInDown&#8220; css=&#8220;&#8220; title=&#8220;Soletherme Bad Elster&#8220;][\/vc_column][\/vc_row]<\/p>\n","protected":false},"author":1,"featured_media":0,"parent":0,"menu_order":0,"comment_status":"closed","ping_status":"closed","template":"","meta":{"_monsterinsights_skip_tracking":false,"_monsterinsights_sitenote_active":false,"_monsterinsights_sitenote_note":"","_monsterinsights_sitenote_category":0,"footnotes":""},"class_list":["post-1642","page","type-page","status-publish","hentry"],"aioseo_notices":[],"acf":[],"_links":{"self":[{"href":"https:\/\/schneider-fotodesign.de\/index.php?rest_route=\/wp\/v2\/pages\/1642","targetHints":{"allow":["GET"]}}],"collection":[{"href":"https:\/\/schneider-fotodesign.de\/index.php?rest_route=\/wp\/v2\/pages"}],"about":[{"href":"https:\/\/schneider-fotodesign.de\/index.php?rest_route=\/wp\/v2\/types\/page"}],"author":[{"embeddable":true,"href":"https:\/\/schneider-fotodesign.de\/index.php?rest_route=\/wp\/v2\/users\/1"}],"replies":[{"embeddable":true,"href":"https:\/\/schneider-fotodesign.de\/index.php?rest_route=%2Fwp%2Fv2%2Fcomments&post=1642"}],"version-history":[{"count":6,"href":"https:\/\/schneider-fotodesign.de\/index.php?rest_route=\/wp\/v2\/pages\/1642\/revisions"}],"predecessor-version":[{"id":2495,"href":"https:\/\/schneider-fotodesign.de\/index.php?rest_route=\/wp\/v2\/pages\/1642\/revisions\/2495"}],"wp:attachment":[{"href":"https:\/\/schneider-fotodesign.de\/index.php?rest_route=%2Fwp%2Fv2%2Fmedia&parent=1642"}],"curies":[{"name":"wp","href":"https:\/\/api.w.org\/{rel}","templated":true}]}}