{"id":1537,"date":"2023-12-09T09:29:20","date_gmt":"2023-12-09T09:29:20","guid":{"rendered":"https:\/\/fotos-schneider.de\/?page_id=1537"},"modified":"2024-11-28T19:08:59","modified_gmt":"2024-11-28T18:08:59","slug":"kloster-chorin","status":"publish","type":"page","link":"https:\/\/schneider-fotodesign.de\/?page_id=1537","title":{"rendered":"Kloster Chorin"},"content":{"rendered":"<div class=\"wpb-content-wrapper\"><p>[vc_row][vc_column][vc_column_text css_animation=&#8220;fadeInRight&#8220; css=&#8220;&#8220;]Das gotische\u00a0<b>Kloster Chorin<\/b>\u00a0ist eine ehemalige\u00a0Zisterzienserabtei\u00a0in der N\u00e4he des Ortes\u00a0Chorin\u00a0etwa sechs Kilometer n\u00f6rdlich von\u00a0Eberswalde\u00a0im brandenburgischen\u00a0Landkreis Barnim. Es wurde 1258 von\u00a0askanischen\u00a0Markgrafen gegr\u00fcndet und hatte weitreichende Bedeutung am n\u00f6rdlichen Rand des Einflussbereichs der Askanier (Grenze mit den Slawen).<\/p>\n<p>Zwischen der 1542 erfolgten\u00a0S\u00e4kularisation\u00a0und dem beginnenden 19. Jahrhundert war das Kloster dem Verfall preisgegeben. Dann erfolgten Sicherung der Ruinen und teilweise Rekonstruktion der Geb\u00e4ude unter der Leitung von\u00a0Karl Friedrich Schinkel. Heute ist das Zisterzienserkloster Chorin ein die\u00a0Backsteingotik\u00a0typisch repr\u00e4sentierendes\u00a0Baudenkmal. Als Teil im\u00a0Deutsch-Polnischen Klosternetzwerk\u00a0ist es Veranstaltungsort mit \u00fcberregionaler Anziehungskraft. 2017 wurde eine Dauerausstellung eingerichtet und er\u00f6ffnet, die das Leben und Arbeiten der M\u00f6nche im Kloster Chorin thematisiert und in einem weiteren Abschnitt die Entdeckung und denkmalpflegerischen Bem\u00fchungen von Karl Friedrich Schinkel aufzeigt.<\/p>\n<p>Quelle: <a href=\"https:\/\/de.wikipedia.org\/wiki\/Kloster_Chorin\">Wikipedia<\/a>[\/vc_column_text][\/vc_column][\/vc_row][vc_row][vc_column][\/vc_column][\/vc_row]<\/p>\n<\/div>","protected":false},"excerpt":{"rendered":"<p>[vc_row][vc_column][vc_column_text css_animation=&#8220;fadeInRight&#8220; css=&#8220;&#8220;]Das gotische\u00a0Kloster Chorin\u00a0ist eine ehemalige\u00a0Zisterzienserabtei\u00a0in der N\u00e4he des Ortes\u00a0Chorin\u00a0etwa sechs Kilometer n\u00f6rdlich von\u00a0Eberswalde\u00a0im brandenburgischen\u00a0Landkreis Barnim. Es wurde 1258 von\u00a0askanischen\u00a0Markgrafen gegr\u00fcndet und hatte weitreichende Bedeutung am n\u00f6rdlichen Rand des Einflussbereichs der Askanier (Grenze mit den Slawen). Zwischen der 1542 erfolgten\u00a0S\u00e4kularisation\u00a0und dem beginnenden 19. Jahrhundert war das Kloster dem Verfall preisgegeben. Dann erfolgten Sicherung der Ruinen und teilweise Rekonstruktion der Geb\u00e4ude unter der Leitung von\u00a0Karl Friedrich Schinkel. Heute ist das Zisterzienserkloster Chorin ein die\u00a0Backsteingotik\u00a0typisch repr\u00e4sentierendes\u00a0Baudenkmal. Als Teil im\u00a0Deutsch-Polnischen Klosternetzwerk\u00a0ist es Veranstaltungsort mit \u00fcberregionaler Anziehungskraft. 2017 wurde eine Dauerausstellung eingerichtet und er\u00f6ffnet, die das Leben und Arbeiten der M\u00f6nche im Kloster Chorin thematisiert und in einem weiteren Abschnitt die Entdeckung und denkmalpflegerischen Bem\u00fchungen von Karl Friedrich Schinkel aufzeigt. Quelle: Wikipedia[\/vc_column_text][\/vc_column][\/vc_row][vc_row][vc_column][\/vc_column][\/vc_row]<\/p>\n","protected":false},"author":1,"featured_media":0,"parent":0,"menu_order":0,"comment_status":"closed","ping_status":"closed","template":"","meta":{"_monsterinsights_skip_tracking":false,"_monsterinsights_sitenote_active":false,"_monsterinsights_sitenote_note":"","_monsterinsights_sitenote_category":0,"footnotes":""},"class_list":["post-1537","page","type-page","status-publish","hentry"],"aioseo_notices":[],"acf":[],"_links":{"self":[{"href":"https:\/\/schneider-fotodesign.de\/index.php?rest_route=\/wp\/v2\/pages\/1537","targetHints":{"allow":["GET"]}}],"collection":[{"href":"https:\/\/schneider-fotodesign.de\/index.php?rest_route=\/wp\/v2\/pages"}],"about":[{"href":"https:\/\/schneider-fotodesign.de\/index.php?rest_route=\/wp\/v2\/types\/page"}],"author":[{"embeddable":true,"href":"https:\/\/schneider-fotodesign.de\/index.php?rest_route=\/wp\/v2\/users\/1"}],"replies":[{"embeddable":true,"href":"https:\/\/schneider-fotodesign.de\/index.php?rest_route=%2Fwp%2Fv2%2Fcomments&post=1537"}],"version-history":[{"count":10,"href":"https:\/\/schneider-fotodesign.de\/index.php?rest_route=\/wp\/v2\/pages\/1537\/revisions"}],"predecessor-version":[{"id":2609,"href":"https:\/\/schneider-fotodesign.de\/index.php?rest_route=\/wp\/v2\/pages\/1537\/revisions\/2609"}],"wp:attachment":[{"href":"https:\/\/schneider-fotodesign.de\/index.php?rest_route=%2Fwp%2Fv2%2Fmedia&parent=1537"}],"curies":[{"name":"wp","href":"https:\/\/api.w.org\/{rel}","templated":true}]}}